, 37, 16657
What are the prime factors of 118419706?
2, 113, 4637
List the prime factors of 2566570762.
2, 7, 183326483
List the prime factors of 89766506.
2, 1553, 28901
List the prime factors of 388522536.
2, 3, 263, 61553
What are the prime factors of 105215846?
2, 23, 2287301
List the prime factors of 2170796935.
5, 61, 643, 11069
What are the prime factors of 301179261?
3, 100393087
List the prime factors of 2457424897.
2457424897
List the prime factors of 3323524036.
2, 7, 118697287
What are the prime factors of 1308103066?
2, 251, 773, 3371
List the prime factors of 282937952.
2, 11, 359, 2239
What are the prime factors of 2514585016?
2, 1801, 174527
List the prime factors of 275379731.
11, 25034521
What are the prime factors of 610836213?
3, 13, 449, 34883
What are the prime factors of 5671453422?
2, 3, 461, 2050417
What are the prime factors of 36495840?
2, 3, 5, 139, 547
What are the prime factors of 737501423?
737501423
List the prime factors of 172434058.
2, 29, 2973001
List the prime factors of 1596220670.
2, 5, 11, 1619, 8963
What are the prime factors of 442518139?
7, 1009, 62653
What are the prime factors of 2235983199?
3, 8179, 91127
List the prime factors of 1569943616.
2, 79, 310511
What are the prime factors of 514162337?
13, 39550949
List the prime factors of 19944883.
7, 397, 7177
List the prime factors of 18498982.
2, 61, 151631
List the prime factors of 851785429.
11, 639959
What are the prime factors of 707725321?
707725321
List the prime factors of 1059371113.
20507, 51659
What are the prime factors of 15935263?
509, 31307
List the prime factors of 61044992.
2, 389, 613
List the prime factors of 75445303.
17, 4437959
List the prime factors of 406813475.
5, 16272539
What are the prime factors of 477548587?
477548587
What are the prime factors of 2722407782?
2, 79, 17230429
What are the prime factors of 15027786?
2, 3, 23, 36299
What are the prime factors of 3425623768?
2, 7, 2417, 25309
List the prime factors of 4819093.
4819093
List the prime factors of 361296416.
2, 13, 37, 23473
What are the prime factors of 634983623?
29, 43, 271, 1879
List the prime factors of 5704192725.
3, 5, 7, 11, 987739
List the prime factors of 4653430.
2, 5, 107, 4349
List the prime factors of 237786210.
2, 3, 5, 701, 3769
List the prime factors of 138361032.
2, 3, 1921681
What are the prime factors of 22347295?
5, 439, 10181
List the prime factors of 1124269105.
5, 224853821
What are the prime factors of 870201035?
5, 11, 313, 50549
What are the prime factors of 84237591?
3, 28079197
List the prime factors of 273079.
23, 31, 383
List the prime factors of 124029836.
2, 7, 61, 72617
What are the prime factors of 35560846?
2, 977, 18199
List the prime factors of 113713640.
2, 5, 29, 167, 587
List the prime factors of 1273214178.
2, 3, 37, 1911733
List the prime factors of 260781579.
3, 31, 311567
What are the prime factors of 722872642?
2, 983, 367687
List the prime factors of 406628443.
13, 19, 47, 35027
What are the prime factors of 44166278?
2, 13, 53, 32051
What are the prime factors of 2298909911?
2298909911
What are the prime factors of 214056578?
2, 113, 523, 1811
What are the prime factors of 951427739?
127, 7491557
List the prime factors of 1684160059.
43, 1049, 37337
List the prime factors of 661132338.
2, 3, 157, 349, 2011
What are the prime factors of 25843578?
2, 3, 4307263
List the prime factors of 384117630.
2, 3, 5, 13, 984917
What are the prime factors of 176060456?
2, 11, 13, 67, 2297
List the prime factors of 499380833.
7, 6653, 10723
List the prime factors of 158429037.
3, 13, 23, 239, 739
What are the prime factors of 267953873?
11, 73, 333691
List the prime factors of 1702724251.
563, 3024377
List the prime factors of 797568339.
3, 19, 13992427
What are the prime factors of 79546089?
3, 7, 499, 7591
List the prime factors of 3051795997.
3051795997
List the prime factors of 201066586.
2, 7, 14361899
List the prime factors of 42294541.
571, 74071
What are the prime factors of 168281007?
3, 313, 179213
What are the prime factors of 22462162?
2, 11231081
List the prime factors of 1638724691.
1638724691
List the prime factors of 3326373070.
2, 5, 173, 313, 6143
What are the prime factors of 30439147?
30439147
What are the prime factors of 540813632?
2, 463, 18251
List the prime factors of 349757747.
1423, 245789
List the prime factors of 41202427.
7, 5886061
What are the prime factors of 804341120?
2, 5, 11, 61, 1873
List the prime factors of 3542074834.
2, 617, 2870401
List the prime factors of 88958276.
2, 11, 2021779
What are the prime factors of 427145298?
2, 3, 17, 41, 102139
What are the prime factors of 5636885?
5, 31, 41, 887
List the prime factors of 36456080.
2, 5, 455701
What are the prime factors of 300037418?
2, 79, 313, 6067
List the prime factors of 39565606.
2, 1543, 12821
What are the prime factors of 2851187839?
181, 15752419
What are the prime factors of 391438298?
2, 5399, 36251
List the prime factors of 3531129922.
2, 83, 421, 50527
What are the prime factors of 439481039?
19, 1217399
What are the prime factors of 122805054?
2, 3, 787, 8669
What are the prime factors of 65716595?
5, 7, 347, 773
List the prime factors of 24184695.
3, 5, 29, 53, 1049
What are the prime factors of 7046158491?
3, 23, 1260719
What are the prime factors of 20833877?
20833877
What are the prime factors of 283401410?
2, 5, 103, 275147
What are the prime factors of 3630902054?
2, 13, 9109, 15331
What are the prime factors of 42845800?
2, 5, 59, 3631
List the prime factors of 274851070.
2, 5, 13, 17, 124367
What are the prime factors of 1761493430?
2, 5, 176149343
List the prime factors of 33850490.
2, 5, 3385049
List the prime factors of 192296477.
29, 6630913
What are the prime factors of 236853106?
2, 7, 16918079
List the prime factors of 283473985.
5, 29, 67, 29179
What are the prime factors of 3116263426?
2, 1558131713
What are the prime factors of 34626948?
2, 3, 2885579
What are the prime factors of 346637526?
2, 3, 251, 337, 683
List the prime factors of 5896141802.
2, 257, 3361, 3413
List the prime factors of 497331309.
3, 165777103
What are the prime factors of 267433473?
3, 181, 492511
List the prime factors of 112460401.
112460401
List the prime factors of 1326044719.
127, 10441297
What are the prime factors of 34701774?
2, 3, 43, 134503
List the prime factors of 6210614110.
2, 5, 621061411
What are the prime factors of 1260105021?
3, 7, 2857381
What are the prime factors of 1127504844?
2, 3, 31, 547, 1847
List the prime factors of 5152951225.
5, 43, 311, 15413
List the prime factors of 63927215.
5, 11, 337, 3449
List the prime factors of 1068975314.
2, 11, 101, 481087
What are the prime factors of 4493565394?
2, 2246782697
What are the prime factors of 89418653?
89418653
List the prime factors of 735288400.
2, 5, 7, 11, 23873
What are the prime factors of 491557346?
2, 7, 17, 487, 4241
What are the prime factors of 1501796059?
29, 317, 163363
What are the prime factors of 463631241?
3, 1327, 116461
What are the prime factors of 6798593?
23, 295591
List the prime factors of 1724193442.
2, 131, 6580891
List the prime factors of 861062175.
3, 5, 3826943
What are the prime factors of 262247177?
19, 13802483
List the prime factors of 10218027.
3, 3406009
What are the prime factors of 7051809631?
137, 4721, 10903
List the prime factors of 50274816.
2, 3, 71, 461
What are the prime factors of 140740471?
701, 200771
What are the prime factors of 139489334?
2, 37, 43, 59, 743
What are the prime factors of 45872363?
139, 330017
What are the prime factors of 530200773?
3, 58911197
List the prime factors of 65264751.
3, 17, 142189
List the prime factors of 1360227500.
2, 5, 349, 1559
What are the prime factors of 49098568?
2, 281, 21841
What are the prime factors of 862923359?
862923359
What are the prime factors of 4497515369?
4497515369
List the prime factors of 161068351.
161068351
List the prime factors of 1164152244.
2, 3, 43, 139, 16231
List the prime factors of 39393492.
2, 3, 3282791
What are the prime factors of 531629637?
3, 7, 11, 167, 13781
List the prime factors of 416079178.
2, 127, 1638107
List the prime factors of 73812199.
53, 257, 5419
List the prime factors of 60029676.
2, 3, 7, 238213
What are the prime fa